8?
17
Let m(x) = 7*x**2 - 5*x - 6. Let v(q) = -11*q**2 + 7*q + 9. Let b(t) = -8*m(t) - 5*v(t). What is the remainder when 106 is divided by b(3)?
7
Suppose -3*c + 4*q - 6*q + 2 = 0, 0 = 4*c - q - 21. Suppose -3*k + 52 - 10 = -2*t, 92 = 5*k + c*t. What is the remainder when 62 is divided by k?
14
Suppose 7*s - 369 = -2*s. Let k = s - 26. Calculate the remainder when 56 is divided by k.
11
Suppose 0 = -4*w + 286 - 70. Suppose -w = -2*r + 4*q, 4*q = -5*r + 9*q + 120. Calculate the remainder when (-27)/6*40/(-3) is divided by r.
18
Suppose 2*x + 26 = -m - 0*m, m = 3*x - 46. What is the remainder when 49 is divided by (39/(-13))/(6/m)?
15
Let b be (4 + (-40)/(-15))/(1/9). Let v = b - 58. Calculate the remainder when v is divided by 1.
0
Calculate the remainder when 66 is divided by -5 + 2 - (-2)/((-6)/(-51)).
10
Let u(i) be the second derivative of i**5/20 - 7*i**4/6 - i**3/6 + 21*i**2/2 + 24*i. Calculate the remainder when 10 is divided by u(14).
3
Let t be (234/(-27))/(2/(-6)). Suppose -21*w + t*w = 120. What is the remainder when 89 is divided by w?
17
Calculate the remainder when 258 is divided by ((-37)/(-2))/(-4 + 27/6).
36
Let r = 9 - -15. What is the remainder when ((-36520)/(-484) - (-6)/11) + -6 is divided by r?
22
Suppose 0 = 9*v - 4*v - 15. Suppose -2*s - 23 = -v*o, -4*o + s = 3*s - 26. Calculate the remainder when o is divided by 3.
1
Let w be ((-32)/(-12))/(1/3). Suppose w*n = 4*n + 16. Suppose 4*f = -4*o, n*o - 5*f = -2*f + 28. Calculate the remainder when 5 is divided by o.
1
Suppose -s - y + 9 = 0, -4*y - y = 3*s - 21. Suppose -15*d = -s*d - 165. What is the remainder when d is divided by 14?
13
Let b(m) = -6*m - 197. What is the remainder when 217 is divided by b(-36)?
8
Let c = -485 + 730. Suppose -2*a + c = 3*a. What is the remainder when a is divided by 10?
9
Suppose -32 = -4*i + 24. What is the remainder when (-84)/18*(-48)/i is divided by 10?
6
Suppose 2*h - 32 = 2. What is the remainder when h is divided by -1 - (-2 - 19)/3?
5
Let g(x) = x. Let w(v) = -v**2 + 4*v - 12. Let h(n) = g(n) - w(n). Calculate the remainder when h(5) is divided by 19.
3
Suppose -40 = -2*k + 18. Calculate the remainder when k is divided by 8.
5
Suppose 87 + 15 = 34*s. What is the remainder when 29 is divided by s?
2
Let f = 198 + -191. Calculate the remainder when 33 is divided by f.
5
Let o be (-201)/(-3)*2/2. Calculate the remainder when o/3 + 6/9 is divided by 2 + 12/(-5) + 603/45.
10
Suppose 2*j + 28 + 32 = 0. What is the remainder when (50/15)/((-4)/j) is divided by ((-28)/6)/(-4 + 60/18)?
4
Let v(j) = j**2 - 47*j + 391. What is the remainder when v(38) is divided by 29?
20
Suppose 0 = 34*h - 10*h - 2832. What is the remainder when h is divided by 43?
32
Let c(x) = -21*x - 67. What is the remainder when 62 is divided by c(-4)?
11
Let g = 211 + -192. Calculate the remainder when 93 is divided by g.
17
Suppose 2*i + 0*i = -5*p + 212, p = -4*i + 406. Let g = i - 56. Calculate the remainder when g is divided by 6.
3
Let u be (-6)/(6/(-63)*-1). Let q = 109 + u. What is the remainder when q - (2 + (1 - 3)) is divided by 12?
10
Let t(i) = i**3 + 9*i**2 + 8*i + 6. Let z(c) = 4*c**2 - 16*c - 3. What is the remainder when t(-7) is divided by z(5)?
14
Suppose -5*w = 3*k - 63, 0 = 4*w - 47*k + 44*k - 72. Let a = -229 - -145. Let q = 142 + a. Calculate the remainder when q is divided by w.
13
Let g(j) = j**3 + 24*j**2 + 28*j + 26. Let c be g(-22). Suppose -105 = 3*o - c. What is the remainder when o is divided by 19?
15
Let o(i) = -i**3 - 17*i**2 - 71*i - 14. Calculate the remainder when o(-5) is divided by 0 + 1 + 4 - -2.
6
Suppose 5*b - 56 = 94. Calculate the remainder when b is divided by 7.
2
Let h = -22 - -41. Let f = 148 + -56. Calculate the remainder when f is divided by h.
16
Suppose -3*s + 147 - 123 = 0. What is the remainder when 95 is divided by s?
7
Suppose 0 = -2*y + 4 + 16. Suppose 9*z - 44 - y = 0. What is the remainder when 27 is divided by z?
3
Let u = -1363 + 1365. Calculate the remainder when 33 is divided by u.
1
Suppose 0 = 4*h + 4*i - 12, 9 + 0 = h + 4*i. Let o = h + 3. Suppose -2*v - b = -1, 12 = -v + 4*v - 2*b. What is the remainder when o is divided by v?
0
Suppose -19*h - 28 = -18*h. Let a = -14 + 40. What is the remainder when a is divided by (7*(-5)/(-70))/((-2)/h)?
5
Suppose -r = -15 - 8. Let x = r + -11. Let c = -210 + 256. Calculate the remainder when c is divided by x.
10
Let x(n) = 2*n**2 + 28*n + 13. Calculate the remainder when x(10) is divided by 38.
37
Suppose 529*a - 174 = 523*a. Suppose -2*x = -7*x + 80. What is the remainder when a is divided by x?
13
Suppose 4*d + 98 + 76 = 2*z, 3*z = -4*d + 251. What is the remainder when z is divided by 38?
9
Let n = 43 - 45. What is the remainder when 4 is divided by (-4)/(n + 1) + -1*3?
0
Let u = 39963 - 39929. Suppose 5*g + 0*g - 85 = 0. Calculate the remainder when u is divided by g.
0
Let w be ((-20)/16)/((-2)/8). Let h = w + -4. What is the remainder when 14 - (-1 - h - -4) is divided by 5?
2
Let m(a) = a**3 - 2*a**2 - 4*a + 7. Let y be m(3). Suppose -2 = y*z + 6, z - 14 = -4*i. Calculate the remainder when i is divided by 2.
0
Suppose -3 = h + 3*l, -2*h + 3*h + 3 = 4*l. Calculate the remainder when (-4)/42*h + (-808)/(-14) is divided by 20.
18
Let z = 2 + -1. Let t be ((-24)/(-14))/6*7. What is the remainder when 30/20 - 1/t is divided by z?
0
Suppose 63 = -2*v + 5*v. Calculate the remainder when 188 is divided by v.
20
Suppose 3*b - 9*b = -36. Suppose -b*j = -j - 230. What is the remainder when j is divided by 13?
7
Suppose -263 = -13*y + 12*y + 5*l, 0 = 2*y - 3*l - 498. What is the remainder when y is divided by 84?
75
Let y = -765 - -818. Calculate the remainder when y is divided by 52.
1
Let c(a) = -4*a**2 + 38*a + 12. Let i = 33 + -24. What is the remainder when c(i) is divided by 11?
8
Let s(r) = -3*r**3 - 25*r**2 - 9*r - 5. Suppose -13*l = -25 - 313. What is the remainder when l is divided by s(-8)?
2
Calculate the remainder when (-156)/27 + 6 - 39677/(-99) is divided by 100.
1
Suppose -2*g = 3*j - 57, 0 = 3*g - 10*j + 6*j - 111. Calculate the remainder when 418 is divided by g.
22
Let j be (6/8)/((-9)/(-24)). Suppose -j*p = 3*n + 66, 3*n + 0*n = 4*p + 96. Let o = p - -45. What is the remainder when 52 is divided by o?
16
Let t(w) = -3*w + 2. Let s be t(-2). Suppose -2 = -5*c - 5*m + s, 34 = 5*c - 3*m. Suppose 2 = -c*i + 17. What is the remainder when 4 is divided by i?
1
Suppose -25*x = -17*x - 112. What is the remainder when 2755 is divided by x?
11
Suppose 25*t = 71*t - 35558. What is the remainder when t is divided by 97?
94
Let a = -287 + 375. What is the remainder when a is divided by 9?
7
Suppose 0 = -13*w + 7*w + 168. Calculate the remainder when 79 is divided by w.
23
Let n(h) = -3*h - 10. Let p(o) = 1. Let d(b) = n(b) - 2*p(b). What is the remainder when d(-12) is divided by 13?
11
Let x = 653 - 635. Calculate the remainder when 1259 is divided by x.
17
Let b(w) = 32*w**2 + 4*w + 7. Let i be b(4). Suppose -j + i = 4*j. Calculate the remainder when j is divided by 36.
35
Suppose -1066 = -4*k + 90. Suppose 0 = -5*c + 2*w + k, 155 = 4*c - 2*w - 77. What is the remainder when c is divided by 15?
12
What is the remainder when 26/3*(-1 + 4) - -2 is divided by 13?
2
Let q(f) be the first derivative of -f**2 - 32*f - 19. What is the remainder when 96 is divided by q(-21)?
6
Let v = 72 + 21. Let x = 2169 + -2144. Calculate the remainder when v is divided by x.
18
Let m(s) = 30*s**2 - 228*s - 22. Calculate the remainder when m(9) is divided by 4.
0
Let k(i) = -5*i**2 + 5. Let g be k(-6). What is the remainder when (3 - g/20)*4 is divided by 12?
11
Suppose -4*t - 458 = -3*x + t, 4*t - 632 = -4*x. Calculate the remainder when x is divided by 41.
33
Let j = -91 + 131. Calculate the remainder when 319 is divided by j.
39
Let t = 164 + -110. Suppose -3*y = -5*h + 95, 0 = 2*h + 94*y - 97*y - 38. What is the remainder when t is divided by h?
16
Suppose 0 = -4*b - 3*m - 1, -2*b - 2*m = -7*b + 16. Suppose -2*j - 12 = -f + 12, 2*f + b*j - 42 = 0. What is the remainder when 43 is divided by f?
21
Let a(y) = y**3 + 14*y**2 - 3*y - 20. Let j(q) = -q**3 + 7*q**2 - 7*q - 8. Let p be j(6). What is the remainder when (12 + -9)/(2/344*6) is divided by a(p)?
20
Suppose -2*w - 19 = -